e (-2)/(-3) - 30/(-9). Suppose -2*i = 3*k - 5 - 9, 12 = -u*k + 5*i. Suppose 3*o - 15 = 3*r, k*o + 5*r - 3*r - 10 = 0. What is the units digit of o?
5
Let s(b) = -5*b**3 - b**2 + b + 1. Let w(m) = m**2 - 2*m - 4. Let f be w(3). Let y be s(f). Let v(j) = j + 5. What is the units digit of v(y)?
9
Suppose -7*f + 882 + 553 = 0. What is the hundreds digit of f?
2
Suppose -3*i + 24 = -9. Suppose -1 = -3*r + i. Let f = -1 + r. What is the units digit of f?
3
Let l(r) = -r**2 - 8*r + 7. Let t be l(-10). Let i = 51 + t. What is the tens digit of i?
3
Let m be (22/4 - 1)*2. Suppose m = 2*g + g. What is the units digit of g?
3
What is the tens digit of (-4)/18 + 1372/18?
7
Suppose 0 = v + 4 - 6. Suppose -v*f + 3*f - 8 = 0. What is the units digit of f?
8
Suppose 3*f - 10 = 14. What is the units digit of f?
8
Let c be (2670/45)/(2/3). Suppose -31 - c = -5*o. What is the tens digit of o?
2
What is the units digit of (-6)/(-9)*60/8?
5
What is the units digit of 4*-3*(-14)/3?
6
Suppose 368 = -18*u + 22*u. What is the units digit of u?
2
Suppose 0 = -3*x + 12, -x = 2*r - 1 - 9. Suppose 0*u + 80 = 4*h - 2*u, 0 = -5*h - 5*u + 70. Suppose h = r*t - 3. What is the units digit of t?
7
Suppose -2*h + 13 = 4*s - 13, -4*s = 3*h - 31. What is the units digit of s?
4
Let t(h) = -h**3 + h - 14. Let d be t(0). Let v be d/6 - (-2)/(-3). What is the units digit of 1*5/v*-3?
5
Suppose 29 = 2*w - 25. What is the units digit of w?
7
Let j(r) = r. Let u be j(5). Suppose 0 = 3*d + 4*a + 2, u*a + 25 = -0*a. What is the units digit of d?
6
Let u be 1*(-2 + 16 + 1). Let q be (-62)/(-5) - 6/u. Suppose 0 = n - 3*n + q. What is the units digit of n?
6
Let f(v) = -v**3 - 5*v**2 - 8*v - 4. Let a be f(-6). Suppose a = w + 4*w. What is the tens digit of w?
1
Let j = -30 + 52. What is the units digit of j?
2
Suppose -1 - 2 = -3*j. What is the units digit of (-1 - j)/(18/(-90))?
0
Let h(o) = -o**3 - 5*o**2 + 4*o + 3. Let b be h(-6). Suppose 3*m = -z + 3 + b, z = 3*m - 18. What is the units digit of m?
6
Suppose 4*n + 2 - 42 = 0. Let q = n + -16. What is the units digit of (q/2)/((-3)/8)?
8
Let q(o) = o**2 + 21. Let h be q(0). Suppose h*x = 20*x + 22. What is the units digit of x?
2
Suppose -124 = -k + 18. What is the hundreds digit of k?
1
Let v(n) = -10*n + 2. Let x(h) = 9*h - 3. Let c(s) = -2*v(s) - 3*x(s). What is the tens digit of c(-4)?
3
Let f be 3/6*-2 + 4. Suppose 0*i - 11 = i - 3*g, 2 = f*i - 2*g. Suppose o - i*o + 15 = 0, 26 = c + 4*o. What is the units digit of c?
6
Let a(m) = -2*m - 12. Let w(j) = j**3 - 6*j**2 - 9*j + 7. Let b be w(7). What is the units digit of a(b)?
2
Suppose 3*n - 4*n = 0, -4*j - 4*n + 184 = 0. What is the units digit of j?
6
Let p be (3/(-6))/((-1)/(-2)). Let i(m) = -28*m**3 + m + 1. What is the tens digit of i(p)?
2
Let w = -112 + 175. What is the tens digit of w?
6
Let i = -21 + 45. Suppose -3*q = -30 - i. What is the units digit of q?
8
Let o = 101 + -85. What is the tens digit of o?
1
Suppose 3*n = 5*v + 71, 0*v = 2*v - 4*n + 34. Let o = 25 + v. What is the units digit of o?
2
Let q(l) = -1 + 3 + l**2 + l - 6 + l. What is the units digit of q(-5)?
1
Suppose 2*s - 56 = -2*s. What is the units digit of s?
4
Let p(d) = -1. Let i(f) = f - 1. Let k(x) = 2*i(x) + p(x). What is the units digit of k(4)?
5
Suppose 6*y - 4*y = 66. What is the tens digit of y?
3
Suppose 23 - 8 = 5*p. Suppose 5*z + 6 = 4*u, 0 = 5*z - p*u - 2*u + 10. Suppose -z*x + 2 = -18. What is the units digit of x?
0
Let z(i) = 6*i**2 + 4*i + 3. Let n be z(-4). Suppose -3*f + n = -4. What is the units digit of f?
9
Suppose 0 = c - 6 + 1. Let m(a) = 2*a + 2 + 2 + a**2 - c*a. What is the units digit of m(4)?
8
Suppose 12*l - 191 = 11*l. What is the hundreds digit of l?
1
Let j(a) = a**3. Let o(m) = -m**3 + 2*m**2 - 5. Let g(s) = -2*j(s) - o(s). What is the tens digit of g(-3)?
1
Let i(g) = 7*g**2 + 10*g + 24. What is the units digit of i(-5)?
9
Suppose 2*q - 2*y + 6*y = 22, -2*q = -3*y - 8. Suppose 5*m + 8 = -4*r - 6, 5*m = 3*r - q. Let l(p) = -2*p**3 - 2*p**2 - p - 1. What is the units digit of l(m)?
9
Suppose -4*d - 11 = -y + 34, 2*d - 60 = -2*y. What is the units digit of y?
3
Suppose 4*d + 92 = 2*i + 2*i, 108 = 5*i + 2*d. What is the units digit of i?
2
Suppose -1 + 16 = 3*q. Suppose 2*n + 0*n + 36 = 3*r, q*n = 0. What is the tens digit of r?
1
Suppose 6*x - 21 = -3. What is the tens digit of x/15 + 298/10?
3
Let j(k) = k**3 + 18*k**2 + 8*k - 10. What is the units digit of j(-17)?
3
Suppose 2 = 2*u - 4. Suppose 5*d - 168 = -4*n, -3*d + 97 + 5 = u*n. What is the units digit of d?
2
Suppose 3*j = -26 + 2. Let o be (-2)/6*(j - 1). Suppose 0 = -4*c + o*l - l - 2, l + 1 = 4*c. What is the units digit of c?
1
Suppose 5*h - 868 = -4*x - 142, 5*x + 5*h - 905 = 0. What is the hundreds digit of x?
1
Suppose k = -0*k + 10. Suppose 3*o - 11 = k. Let u = 10 - o. What is the units digit of u?
3
Suppose -4*r + 0 = -8. Suppose -2 = -r*l - 6. What is the units digit of 3 - (2 - (-22)/l)?
2
Suppose l = -2*l - 6. Let q be l/(-5) - (-4)/(-10). Suppose v - 3*v + 8 = q. What is the units digit of v?
4
Suppose 4*u + 4*u - 608 = 0. What is the tens digit of u?
7
Suppose -3*b + b + 80 = 0. What is the tens digit of b?
4
Suppose 2*z = -3 + 31. What is the units digit of z?
4
Let z(q) = -5*q - 8. Let o(w) = -10*w - 15. Let r(n) = 3*o(n) - 5*z(n). What is the tens digit of r(-4)?
1
Let f = 61 + -27. What is the tens digit of f?
3
Suppose 0 = -o - 0*o - 3*x + 33, 5*x + 81 = 4*o. Let g = o - -21. Suppose 4*j - 5 - 5 = -2*r, 3*r - g = 4*j. What is the tens digit of r?
1
Let h(a) = -a**2 + 2*a - 3. Let s be h(0). Let x = 3 - s. What is the units digit of x?
6
Suppose -3*d - d = -m + 141, 20 = 5*d. What is the hundreds digit of m?
1
What is the tens digit of (-12)/(-20) - 216/(-15)?
1
Suppose d = -u + 122, -3 + 6 = d. What is the tens digit of u?
1
Let y(m) = -m**3 - 2*m**2 + 4*m + 7. Let k(l) = -4*l**3 - 5*l**2 + 13*l + 22. Let r(v) = -2*k(v) + 7*y(v). What is the tens digit of r(4)?
1
Let y(f) = f**3 + 9*f**2 + 7*f - 6. Let x be y(-8). Suppose o = x*o - 10. What is the units digit of o?
0
Let w(x) = x**2 + 5*x + 7. Let g be w(-3). Let c = 15 + g. What is the tens digit of c?
1
Let p(g) = -g + 4. Let x(w) = -w + 5. Let y(f) = -4*p(f) + 5*x(f). Suppose -26 = -3*n - 4*t + 2*t, -n + 26 = 5*t. What is the units digit of y(n)?
3
Let a = -302 - -513. Suppose -a + 35 = -4*m. Suppose 3*n + o - m = -2, o = -4*n + 56. What is the tens digit of n?
1
Let d(r) = r**2 + 3. Let o be d(-3). Suppose -4*y = -o + 4. Suppose 3*b - y*g = 11, -4*b + g + 9 = 1. What is the units digit of b?
1
Suppose 2*q + 0*q = 30. What is the units digit of q?
5
What is the tens digit of 1110/16 + 3/(-8)?
6
Let h = 5 - 5. Let x = -7 + 10. What is the units digit of x/(-6)*-4 - h?
2
Suppose 15*w - 13*w - 326 = 0. What is the units digit of w?
3
Suppose -3*d = -6, -3*p - 31 = -0*p + d. Let f = -6 - p. Suppose -3*x + 2 = 4*w - 16, -5*w = -f*x - 40. What is the units digit of w?
6
What is the tens digit of (-6)/33 - -1*(-831)/(-33)?
2
Let z(r) = 4*r**2 - 2*r - 1. Let v be z(-1). Suppose 0 = -4*k - 0 + 8. Suppose 2*y = -4*j + 41 + 25, 0 = -k*j - v*y + 45. What is the tens digit of j?
1
Let t(o) = 3*o**3 + 4*o**2 + o. Let i be t(-3). Let z = -4 - i. Suppose -26 - z = -5*q. What is the tens digit of q?
1
Suppose -5*r + 4*b = -28, -2*b - 2 = 4*r - 14. Suppose 92 - 1 = -5*a - w, -a = r*w + 22. What is the units digit of a/(-3) + (-1 - -1)?
6
What is the units digit of (-23)/(-1) - (9 - 6)?
0
Let j = 145 - -150. What is the units digit of j?
5
Suppose 4*l - 5*j = -2, 0 = -2*l + 5*j - 0*j + 4. What is the units digit of 6/(-3) - l - -3?
4
Let o(q) = 1 + 0*q - 13*q + 1. Let m be o(-2). Suppose m + 8 = 3*p. What is the tens digit of p?
1
Let f = -7 - -7. Suppose 0*z + 5*p + 2 = z, 2*z - p - 31 = f. What is the tens digit of z?
1
Suppose -4*p + 73 + 271 = 0. What is the tens digit of p?
8
Suppose -2*q = -5*q + 120. Suppose 4*n = k + 7, 10*k = 5*k - 5*n + q. What is the units digit of k?
5
Suppose 3*g + 5*t + 75 = t, 4*g = -4*t - 96. Let y = -7 - g. What is the tens digit of y?
1
Suppose 14 = 3*l - 1. Let k(q) be the second derivative of q**3/6 - 3*q**2/2 + q. What is the units digit of k(l)?
2
Let x = 36 + -15. Suppose r + 2*r - x = 0. What is the units digit of r?
7
Le